{"id":324,"date":"2026-03-19T17:12:16","date_gmt":"2026-03-19T16:12:16","guid":{"rendered":"https:\/\/vcbaudet.be\/?page_id=324"},"modified":"2026-03-20T09:42:05","modified_gmt":"2026-03-20T08:42:05","slug":"procedure-ethique","status":"publish","type":"page","link":"https:\/\/vcbaudet.be\/?page_id=324","title":{"rendered":"Proc\u00e9dure \u00e9thique"},"content":{"rendered":"\n<h2 class=\"wp-block-heading\">Principes g\u00e9n\u00e9raux<\/h2>\n\n\n\n<p>La pr\u00e9sente proc\u00e9dure \u00e9thique a pour but de d\u00e9crire les proc\u00e9dures relatives au respect de la charte \u00e9thique de l&#8217;association ASBL VC Baudets Bertrix, matricule LX0365. Elle a \u00e9t\u00e9 r\u00e9alis\u00e9e en CA le 9 mars 2026 et sera prochainement adopt\u00e9e en Assembl\u00e9e G\u00e9n\u00e9rale.<\/p>\n\n\n\n<p>La pr\u00e9sente proc\u00e9dure s&#8217;applique notamment aux :<\/p>\n\n\n\n<ul class=\"wp-block-list\">\n<li>Entra\u00eeneurs<\/li>\n\n\n\n<li>Joueurs<\/li>\n\n\n\n<li>Staff m\u00e9dical<\/li>\n\n\n\n<li>Membres du comit\u00e9<\/li>\n\n\n\n<li>Parents et accompagnants<\/li>\n<\/ul>\n\n\n\n<h2 class=\"wp-block-heading\">Proc\u00e9dure \u00e9thique<\/h2>\n\n\n\n<p>Tout comportement contrevenant \u00e0 la charte \u00e9thique du club doit \u00eatre signal\u00e9 en premier lieu \u00e0 la personne encadrante pr\u00e9sente sur place au moment des faits (entra\u00eeneur, d\u00e9l\u00e9gu\u00e9 etc.).<\/p>\n\n\n\n<p>L&#8217;encadrant contacte sans tarder un des membres du comit\u00e9 pour suivi et actions permettant de recadrer les r\u00e8gles \u00e9thiques en vigueur.<\/p>\n\n\n\n<p>Si besoin le comit\u00e9 convoque les parties concern\u00e9es par les faits pour entendre celles-ci et d\u00e9cider des suites \u00e0 donner. Les suites en question peuvent aller du simple avertissement verbal \u00e0 l&#8217;exclusion du club, en fonction de la gravit\u00e9 des faits av\u00e9r\u00e9s.<\/p>\n\n\n\n<p>Un rapport \u00e9crit des faits rapport\u00e9s, des rencontres avec les parties, et des d\u00e9cisions cons\u00e9cutives du comit\u00e9 est r\u00e9dig\u00e9 par le r\u00e9f\u00e9rent \u00e9thique et communiqu\u00e9 aux diff\u00e9rents intervenants.<\/p>\n\n\n\n<p>Les personnes sanctionn\u00e9es ont alors 15 jours pour contester les d\u00e9cisions du comit\u00e9, auquel cas les faits seront r\u00e9-examin\u00e9s et les parties r\u00e9-entendues par une partie non concern\u00e9e par les faits (partie ext\u00e9rieure au club), mandat\u00e9e pour ce faire par le r\u00e9f\u00e9rent \u00e9thique. Cette personne neutre confirmera ou modifiera les suites \u00e0 donner aux faits av\u00e9r\u00e9s et ses conclusions seront d\u00e9finitives.<\/p>\n\n\n\n<h2 class=\"wp-block-heading\">R\u00e9f\u00e9rent \u00e9thique<\/h2>\n\n\n\n<p>Tout acte, parole, geste, comportement contrevenant \u00e0 la charte \u00e9thique du club peut \u00eatre signal\u00e9 au r\u00e9f\u00e9rent \u00e9thique du club :<\/p>\n\n\n\n<p>Monsieur Laurent BODET : 0495 24 80 86 \u2014\u00a0<a href=\"mailto:hamerstine@gmail.com\">laurentbodet45@gmail.com<\/a><\/p>\n\n\n\n<p>Le r\u00e9f\u00e9rent \u00c9thique du club peut, s&#8217;il l&#8217;estime n\u00e9cessaire et sur base d&#8217;une demande \u00e9crite circonstanci\u00e9e, prendre contact avec les diff\u00e9rentes parties concern\u00e9es par ladite demande. Il peut \u00e9galement mandater une personne neutre, de par sa non-appartenance au club, de prendre les contacts n\u00e9cessaires afin de tenter de trouver une conciliation entre les diff\u00e9rentes parties.<\/p>\n\n\n\n<p>Si cette tentative de conciliation ne peut aboutir, le club recommande de se tourner vers les diff\u00e9rents outils de la F\u00e9d\u00e9ration Wallonie Bruxelles mis \u00e0 la disposition de tous, en cas de besoin.<\/p>\n","protected":false},"excerpt":{"rendered":"<p>Principes g\u00e9n\u00e9raux La pr\u00e9sente proc\u00e9dure \u00e9thique a pour but de d\u00e9crire les proc\u00e9dures relatives au respect de la charte \u00e9thique de l&#8217;association ASBL VC Baudets Bertrix, matricule LX0365. Elle a \u00e9t\u00e9 r\u00e9alis\u00e9e en CA le 9 mars 2026 et sera prochainement adopt\u00e9e en Assembl\u00e9e G\u00e9n\u00e9rale. La pr\u00e9sente proc\u00e9dure s&#8217;applique notamment aux : Proc\u00e9dure \u00e9thique Tout&#8230;<\/p>\n","protected":false},"author":1,"featured_media":0,"parent":0,"menu_order":0,"comment_status":"closed","ping_status":"closed","template":"","meta":{"footnotes":""},"class_list":["post-324","page","type-page","status-publish","hentry"],"_links":{"self":[{"href":"https:\/\/vcbaudet.be\/index.php?rest_route=\/wp\/v2\/pages\/324","targetHints":{"allow":["GET"]}}],"collection":[{"href":"https:\/\/vcbaudet.be\/index.php?rest_route=\/wp\/v2\/pages"}],"about":[{"href":"https:\/\/vcbaudet.be\/index.php?rest_route=\/wp\/v2\/types\/page"}],"author":[{"embeddable":true,"href":"https:\/\/vcbaudet.be\/index.php?rest_route=\/wp\/v2\/users\/1"}],"replies":[{"embeddable":true,"href":"https:\/\/vcbaudet.be\/index.php?rest_route=%2Fwp%2Fv2%2Fcomments&post=324"}],"version-history":[{"count":4,"href":"https:\/\/vcbaudet.be\/index.php?rest_route=\/wp\/v2\/pages\/324\/revisions"}],"predecessor-version":[{"id":425,"href":"https:\/\/vcbaudet.be\/index.php?rest_route=\/wp\/v2\/pages\/324\/revisions\/425"}],"wp:attachment":[{"href":"https:\/\/vcbaudet.be\/index.php?rest_route=%2Fwp%2Fv2%2Fmedia&parent=324"}],"curies":[{"name":"wp","href":"https:\/\/api.w.org\/{rel}","templated":true}]}}